 22. Let f = -23 - q. Suppose f = -4*d - 16, -l + d - 44 = -132. What are the prime factors of l?
2, 3, 7
Let y be (-1 + -1)*(-1 + -1). Suppose u + 2*b = -2*b + 6, -7 = -3*u - b. Suppose -3*o = -y*x - 110, -o - 3*o = u*x - 176. List the prime factors of o.
2, 3, 7
Suppose -2*x - 642 = -3*l, -l = -298*x + 303*x - 231. List the prime factors of l.
2, 3
Let x = 317 - -196. Let b = x + -126. What are the prime factors of b?
3, 43
Let k(a) = -5*a**3 - a - 2. Let d be k(-1). Suppose -t - 5*n - 31 = 0, n - 29 = d*t + 2*n. Let j(u) = -6*u + 16. What are the prime factors of j(t)?
2, 13
Let j(a) = 81*a**2 + 27*a - 250. What are the prime factors of j(8)?
2, 5, 103
Suppose 4*x - 2*b - 328 = 0, -x = 2*x + 5*b - 233. Let u = x - 77. Suppose u*h - 735 = 5*p, -4*h - 3*p + 4*p + 755 = 0. What are the prime factors of h?
2, 5, 19
Let r(w) = 11*w**2 + 3*w + 2. Suppose 0 = 13*a - 6 - 20. Let o be r(a). Suppose d - 72 - o = 0. List the prime factors of d.
2, 31
Suppose -161 = -3*u - 167. Let v be (-13 + -5)/u + -4. Suppose 5*z - 84 = 4*z + d, v*z - 470 = -5*d. What are the prime factors of z?
89
Let f(c) = 11979*c**2 - 310*c + 310. What are the prime factors of f(1)?
3, 11
Let m(b) = 7*b**3 + 13*b**2 + 4*b - 168. List the prime factors of m(7).
2, 3, 7, 23
Let x(f) = 2*f**2 + 10*f + 10. Let p be x(-5). Suppose 481 = 3*u + p. Let m = u - 103. List the prime factors of m.
2, 3
Let n(w) = -2*w**2 + 3*w + 2. Let l be n(3). Let c = l - -10. Suppose 2*x + m = -c*x + 53, 2*m + 4 = 0. What are the prime factors of x?
11
Let g be 50/4 + 6/12*-1. Suppose 3*q - g = -3*l, 2*l = 5*l - q - 20. Suppose s = l*s - 330. List the prime factors of s.
2, 3, 11
Suppose 0 = a - 304 + 2319. List the prime factors of a/(-15) - 20/15.
7, 19
Let m(g) = -25*g - 8. Suppose 0 = 4*s + 2*p - 2, 5*p = -0*s + 3*s - 34. Suppose 2*r = -l - 3, s*l + 9 = -r + 2*r. List the prime factors of m(l).
67
Suppose 5*g = 3*x + 8020 + 386, -5046 = -3*g + 3*x. List the prime factors of (-38)/((-512)/g + (-4)/42).
5, 19
Suppose 0 = 3*v + 4*v - 588. Suppose -3*n - 29 = -35. Suppose -2*c + 45 + 29 = -w, n*c = -4*w + v. What are the prime factors of c?
2, 19
Let d(s) = -7177*s - 8368. List the prime factors of d(-7).
3, 17, 821
Let g = -575 - -577. Suppose -4*u - 1332 = s - 6*s, -u = g*s - 525. What are the prime factors of s?
2, 3, 11
Let f be 10/50*25 - (0 - 1). What are the prime factors of ((-54612)/(-30) - f) + (-4)/10?
2, 907
Let b = 537 + -387. List the prime factors of 1204/3*225/b.
2, 7, 43
Let f = 9748 - 4243. List the prime factors of f.
3, 5, 367
Let u = 38 - -17. Let w = 124 - u. Let d = -27 + w. List the prime factors of d.
2, 3, 7
Suppose 542443 = 42*w + 181201. What are the prime factors of w?
3, 47, 61
What are the prime factors of 4/(24/10)*(-17 - (-214523)/85)?
2, 2089
Suppose 4*w + 39 = 7*w. Let o(i) = -i + 5 + w + 8*i - 6. List the prime factors of o(14).
2, 5, 11
Let q = -175 - -162. Let u = 302 - q. List the prime factors of u.
3, 5, 7
What are the prime factors of 130638/11 - (0 + (0 - (-12)/66))?
2, 2969
Suppose 121*j - 107*j - 231672 = 0. List the prime factors of j.
2, 3, 7, 197
Let v be (318 - (-1 + 0)) + -4. Suppose 2*o - 948 + v = 3*l, -o - l + 329 = 0. Let j = -108 + o. What are the prime factors of j?
2, 3
Let t(n) = -n**2 + 30*n - 30. Let d be t(13). Let l = -335 + d. Let a = -38 - l. List the prime factors of a.
2, 53
Let x = 14811 - 2180. List the prime factors of x.
17, 743
What are the prime factors of 0 + 1584 + (4 - 4 - 2)?
2, 7, 113
Let z = 29253 - 11054. What are the prime factors of z?
18199
Let b(r) = 16*r + 29. Let t be b(-2). Let o(j) = 19*j**2 - 5*j - 7. What are the prime factors of o(t)?
179
Suppose 79*f - 7050420 = 128*f - 463*f. What are the prime factors of f?
2, 5, 13, 131
Let l(i) be the first derivative of 319*i**2/2 - 9*i - 109. What are the prime factors of l(2)?
17, 37
Suppose 0 = 24*p + 77 + 163. List the prime factors of p*(-2)/(-4) - -149.
2, 3
Let k = -40 + 51. Suppose -k*q - 3*q - 196 = 0. Let n(m) = -m**3 - 14*m**2 - 4*m + 27. List the prime factors of n(q).
83
Suppose -5*l + 10 = 5*x, -9 = -3*l + x + 9. Suppose 3*h + 20 = 8*h, -h - 9031 = -l*p. List the prime factors of p.
13, 139
Let t be 4 + 1 + (4 - 1). Suppose -756 = -2*c + 14*c. Let g = t - c. What are the prime factors of g?
71
Suppose -4*a + 3*t + 19 = 6*t, -4*a - t + 25 = 0. What are the prime factors of (-6)/21 - (-471)/a?
67
Suppose -3*u - 12 = 5*l + 21, -4*l + 2*u - 44 = 0. Let i(p) = p + 15. Let d be i(l). Suppose -268 = -d*b + 2*b. What are the prime factors of b?
67
Let o(t) = -t**2 + 340*t - 1963. List the prime factors of o(142).
26153
Let n(a) = -a - 9. Suppose -5*i = -3*i + 22. Let g be n(i). Suppose -g*h - 4*k = -30, 0*k + 6 = -3*k. List the prime factors of h.
19
Let h(r) = 91*r - 13. Let q(b) = 276*b - 38. Let w(t) = -17*h(t) + 6*q(t). Let f(y) = -y - 5. Let m be f(-6). List the prime factors of w(m).
2, 3, 17
Let r(n) = -n**2 + 160*n - 3690. What are the prime factors of r(81)?
3, 7, 43
List the prime factors of 198849245/3597 - 4/(-132).
2, 131, 211
Let f(g) = -46*g - 153. Let a be f(10). Let c = a + 1023. What are the prime factors of c?
2, 5, 41
Let s = 22 - 25. Let c(z) = 2*z**2 + 7*z + 7. Let i be c(s). What are the prime factors of ((-75)/(-2))/(i + (-39)/12)?
2, 5
Let t = -10749 + 17574. List the prime factors of t.
3, 5, 7, 13
Suppose 157204 = 22*c - 265218. List the prime factors of c.
7, 13, 211
Suppose 26*g = 25*g + 4*q + 3607, -17860 = -5*g - 5*q. List the prime factors of g.
3, 1193
Let o = 290 + -530. Let p = 122 - o. Suppose 33*t = 31*t + p. List the prime factors of t.
181
Let t(p) = -2*p**2 + p + 6. Let o be t(-2). Let f(l) = -35*l - 19. Let c(q) = -105*q - 58. Let h(w) = o*c(w) + 11*f(w). List the prime factors of h(5).
2, 3, 11
Suppose -4*p + 20 = 0, -6 = d - 2*p + 1. Suppose -4*m - x - 13 = -39, -8 = -d*m + 5*x. Suppose -m*j + 459 = 21. List the prime factors of j.
73
List the prime factors of (-12)/3 + (-2 + 9 - -18176).
7, 53
Let y(a) = -2*a**3 - 4*a**2 - 3*a + 2. Let s be y(6). Let k = s - -993. What are the prime factors of k?
401
Let f = 62960 - 36834. List the prime factors of f.
2, 13063
Let w(s) = -s**3 + 26*s**2 - 52*s + 18. Let g be w(21). Suppose -5 = 5*n, 2*z = -8*n + 3*n + g. What are the prime factors of z?
2, 71
Let y(i) = -i**3 + 4*i**2 - 5*i + 4. Let h be y(2). Let f(l) = -7*l**3 - 2 - 2*l**h - 3*l - 2*l + 3*l + 4*l**2. List the prime factors of f(-2).
2, 3, 11
Let f(n) = 2*n**3 + 17*n**2 - 53*n. What are the prime factors of f(8)?
2, 211
List the prime factors of (17 - -14716) + -14 + -1.
2, 3, 11, 223
Suppose 4*y + 3126 = -4890. Let t = 3621 + y. What are the prime factors of t?
3, 7, 11
Let p(d) = 3794*d - 214. Let y be p(3). Suppose -121*q = -129*q + y. List the prime factors of q.
2, 349
Suppose 5*y - 4*y = 6*t + 27476, -5*y = t - 137628. List the prime factors of y.
2, 7, 983
Let d(x) = 7*x + 98. Let b be d(-15). What are the prime factors of 3 + b - (-254 + 1) - 1?
2, 31
List the prime factors of 1 - -10 - 335946/(-59).
5, 7, 163
Suppose -986 - 3404 = -2*l. Suppose f = -5*s + l, -f - 1756 = -4*s - 5*f. What are the prime factors of s?
439
Let u(b) = -b + 26. Let z be u(17). What are the prime factors of ((-5)/(10/(-258)))/(z/3)?
43
Suppose 33*m - 38*m = -20. Suppose 4*r + f = 4077, 0 = 10*r - 7*r - m*f - 3072. List the prime factors of r.
2, 3, 5, 17
Let u(d) = d**3 - 5*d**2 + 6*d - 18. Let i be u(7). Suppose -1882 - i = -6*g. List the prime factors of g.
2, 167
Let w(b) = -331*b - 4. Let t be w(-1). Suppose -10*v + 4257 = t. List the prime factors of v.
3, 131
Let d be 90/(-8) + (-9)/(-36). Let y(s) = s + 131. Let h(b) = 22. Let f(c) = 34*h(c) - 6*y(c). List the prime factors of f(d).
2, 7
Let h(d) = 2*d**2 - 4*d - 6. Let i be h(4). Suppose 4*r = -5*m + 35, m = r - i + 26. Suppose m*j - 83 = 10*j. List the prime factors of j.
83
Let v = -42 + 44. Suppose v = -d - 3. List the prime factors of ((-14)/(-8))/(5*d/(-900)).
3, 7
Let u be 4/(-8)*6/6*-8. Suppose u*i + 3697 = 4*f - i, 0 = -3*f - i + 2768. What are the prime factors of f?
13, 71
Suppose 83 = 6*y - 49. Suppose -y*t = -24*t + 650. Let g = t + -167. List the prime factors of g.
2, 79
Suppose 22 = -2*d + 16. What are the prime factors of 33550/66 + (-2)/d?
509
Suppose 16*s - 4*